{"id":131,"date":"2019-07-18T12:17:39","date_gmt":"2019-07-18T10:17:39","guid":{"rendered":"http:\/\/bpig.pl\/?page_id=131"},"modified":"2019-07-18T12:28:32","modified_gmt":"2019-07-18T10:28:32","slug":"merkury-p-h-u-p-golawski-andrzej","status":"publish","type":"page","link":"https:\/\/bpig.pl\/index.php\/merkury-p-h-u-p-golawski-andrzej\/","title":{"rendered":"MERKURY P.H.U.P. Go\u0142awski Andrzej"},"content":{"rendered":"\n<p>G\u0142\u00f3wn\u0105 dzia\u0142alno\u015bci\u0105 firmy jest handel. Posiadamy trzy sk\u0142ady budowlane w Bia\u0142ej Podlaskiej ul. Sidorska i Grzybowa oraz w Sworach przy ul. Ko\u015bcielnej. Prowadzimy kompleksow\u0105 sprzeda\u017c materia\u0142\u00f3w budowlanych od fundamentu po dach. Budujemy i sprzedajemy jako developer mieszkania w Radzyniu Podlaskim. \u015awiadczymy us\u0142ugi transportowe na terenie ca\u0142ego kraju. W 2006 roku firma zosta\u0142a nominowana do grona najlepszych firm wojew\u00f3dztwa lubelskiego ocenianych przez Dun and Bradstreet Poland, we wsp\u00f3\u0142pracy z Gazet\u0105 Bankow\u0105, a tak\u017ce w tym samym roku nominowana by\u0142a w rankingu najbardziej dynamicznych firm Gazele Biznesu.<\/p>\n","protected":false},"excerpt":{"rendered":"<p>G\u0142\u00f3wn\u0105 dzia\u0142alno\u015bci\u0105 firmy jest handel. Posiadamy trzy sk\u0142ady budowlane w Bia\u0142ej Podlaskiej ul. Sidorska i Grzybowa oraz w Sworach przy ul. Ko\u015bcielnej. Prowadzimy kompleksow\u0105 sprzeda\u017c materia\u0142\u00f3w budowlanych od fundamentu po dach. Budujemy i sprzedajemy jako developer mieszkania w Radzyniu Podlaskim. \u015awiadczymy us\u0142ugi transportowe na terenie ca\u0142ego kraju. W 2006 roku [&hellip;]<\/p>\n","protected":false},"author":1,"featured_media":0,"parent":0,"menu_order":0,"comment_status":"closed","ping_status":"closed","template":"","meta":[],"_links":{"self":[{"href":"https:\/\/bpig.pl\/index.php\/wp-json\/wp\/v2\/pages\/131"}],"collection":[{"href":"https:\/\/bpig.pl\/index.php\/wp-json\/wp\/v2\/pages"}],"about":[{"href":"https:\/\/bpig.pl\/index.php\/wp-json\/wp\/v2\/types\/page"}],"author":[{"embeddable":true,"href":"https:\/\/bpig.pl\/index.php\/wp-json\/wp\/v2\/users\/1"}],"replies":[{"embeddable":true,"href":"https:\/\/bpig.pl\/index.php\/wp-json\/wp\/v2\/comments?post=131"}],"version-history":[{"count":1,"href":"https:\/\/bpig.pl\/index.php\/wp-json\/wp\/v2\/pages\/131\/revisions"}],"predecessor-version":[{"id":132,"href":"https:\/\/bpig.pl\/index.php\/wp-json\/wp\/v2\/pages\/131\/revisions\/132"}],"wp:attachment":[{"href":"https:\/\/bpig.pl\/index.php\/wp-json\/wp\/v2\/media?parent=131"}],"curies":[{"name":"wp","href":"https:\/\/api.w.org\/{rel}","templated":true}]}}